{"id":128,"date":"2026-04-21T09:03:53","date_gmt":"2026-04-21T07:03:53","guid":{"rendered":"https:\/\/lacseb.bplaced.net\/uebungsshop\/?post_type=product&#038;p=128"},"modified":"2026-04-21T09:03:53","modified_gmt":"2026-04-21T07:03:53","slug":"denimfy-hoodie-damen-regular-fit","status":"publish","type":"product","link":"https:\/\/lacseb.bplaced.net\/uebungsshop\/produkt\/denimfy-hoodie-damen-regular-fit\/","title":{"rendered":"DENIMFY Hoodie Damen Regular Fit"},"content":{"rendered":"<h3>Infos zu diesem Artikel:<\/h3>\n<ul class=\"a-unordered-list a-vertical a-spacing-small\">\n<li><span class=\"a-list-item a-size-base a-color-base\">L\u00e4ssiger Regular Fit Kapuzenpullover f\u00fcr Frauen und M\u00e4dchen. Elastische Rippb\u00fcndchen als Abschluss der K\u00f6rperpartie und \u00c4rmel. Praktische K\u00e4ngurutasche mit Label Patch. Per Tunnelzug justierbare Kapuze mit windfesten Cross-Over Kragen. Gesticktes DENIMFY-Branding auf dem rechten Arm.<\/span><\/li>\n<li><span class=\"a-list-item a-size-base a-color-base\">Die Marke DENIMFY steht f\u00fcr modische Kleidung unabh\u00e4ngig der Altersklasse, dieser Sweater verk\u00f6rpert gute Verarbeitung und einen zeitgem\u00e4\u00dfen Stil. Alltagstauglich und modern. Egal ob auf der Arbeit, in der Freizeit, beim Sport oder im Urlaub. Perfekt geeignet f\u00fcr die alle Jahreszeiten.<\/span><\/li>\n<li><span class=\"a-list-item a-size-base a-color-base\">Aus hochwertiger Baumwoll-Mischgewebe hergestellt. Der Baumwollanteil sorgt f\u00fcr nat\u00fcrliche Eigenschaften, der Polyesteranteil macht diesen Stoff pflegeleicht.<\/span><\/li>\n<li><span class=\"a-list-item a-size-base a-color-base\">Erh\u00e4ltlich in denn Gr\u00f6\u00dfen S, M, L, XL und XXL. Dieser Kapuzenpullover ist in denn Farben Schwarz, Beige, Grau, Rose, Blau und Gr\u00fcn zu haben.<\/span><\/li>\n<li><span class=\"a-list-item a-size-base a-color-base\">Unser Model ist 177 cm gro\u00df, wiegt 59 kg und tr\u00e4gt Gr\u00f6\u00dfe M. Geeignet f\u00fcr Maschinenw\u00e4sche bis 30 Grad. Nicht Trocknergeeignet.<\/span><\/li>\n<\/ul>\n","protected":false},"excerpt":{"rendered":"<p>Infos zu diesem Artikel: L\u00e4ssiger Regular Fit Kapuzenpullover f\u00fcr Frauen und M\u00e4dchen. Elastische Rippb\u00fcndchen als Abschluss der K\u00f6rperpartie und \u00c4rmel. Praktische K\u00e4ngurutasche mit Label Patch. Per Tunnelzug justierbare Kapuze mit windfesten Cross-Over Kragen. Gesticktes DENIMFY-Branding auf dem rechten Arm. Die Marke DENIMFY steht f\u00fcr modische Kleidung unabh\u00e4ngig der Altersklasse, dieser Sweater verk\u00f6rpert gute Verarbeitung und [&hellip;]<\/p>\n","protected":false},"featured_media":129,"comment_status":"open","ping_status":"closed","template":"","meta":[],"product_brand":[],"product_cat":[39,57,43],"product_tag":[95,96],"class_list":{"0":"post-128","1":"product","2":"type-product","3":"status-publish","4":"has-post-thumbnail","6":"product_cat-damen","7":"product_cat-hoodies","8":"product_cat-sweatshirts-sweatjacken","9":"product_tag-bequem","10":"product_tag-regular-fit","12":"first","13":"instock","14":"taxable","15":"shipping-taxable","16":"product-type-external"},"_links":{"self":[{"href":"https:\/\/lacseb.bplaced.net\/uebungsshop\/wp-json\/wp\/v2\/product\/128","targetHints":{"allow":["GET"]}}],"collection":[{"href":"https:\/\/lacseb.bplaced.net\/uebungsshop\/wp-json\/wp\/v2\/product"}],"about":[{"href":"https:\/\/lacseb.bplaced.net\/uebungsshop\/wp-json\/wp\/v2\/types\/product"}],"replies":[{"embeddable":true,"href":"https:\/\/lacseb.bplaced.net\/uebungsshop\/wp-json\/wp\/v2\/comments?post=128"}],"wp:featuredmedia":[{"embeddable":true,"href":"https:\/\/lacseb.bplaced.net\/uebungsshop\/wp-json\/wp\/v2\/media\/129"}],"wp:attachment":[{"href":"https:\/\/lacseb.bplaced.net\/uebungsshop\/wp-json\/wp\/v2\/media?parent=128"}],"wp:term":[{"taxonomy":"product_brand","embeddable":true,"href":"https:\/\/lacseb.bplaced.net\/uebungsshop\/wp-json\/wp\/v2\/product_brand?post=128"},{"taxonomy":"product_cat","embeddable":true,"href":"https:\/\/lacseb.bplaced.net\/uebungsshop\/wp-json\/wp\/v2\/product_cat?post=128"},{"taxonomy":"product_tag","embeddable":true,"href":"https:\/\/lacseb.bplaced.net\/uebungsshop\/wp-json\/wp\/v2\/product_tag?post=128"}],"curies":[{"name":"wp","href":"https:\/\/api.w.org\/{rel}","templated":true}]}}